{"id":5466,"date":"2023-06-07T09:48:31","date_gmt":"2023-06-07T07:48:31","guid":{"rendered":"https:\/\/btm.sk\/WP\/?post_type=product&#038;p=5466"},"modified":"2025-01-24T15:03:03","modified_gmt":"2025-01-24T14:03:03","slug":"ja-ja-som-vasim-tesitelom","status":"publish","type":"product","link":"https:\/\/btm.sk\/WP\/produkt\/ja-ja-som-vasim-tesitelom\/","title":{"rendered":"Ja, ja som va\u0161\u00edm Te\u0161ite\u013eom!"},"content":{"rendered":"","protected":false},"excerpt":{"rendered":"<p>Minikarti\u010dka s biblick\u00fdm ver\u0161om a kr\u00e1tkou modlitbou.<\/p>\n","protected":false},"featured_media":5457,"comment_status":"closed","ping_status":"closed","template":"","meta":[],"_links":{"self":[{"href":"https:\/\/btm.sk\/WP\/wp-json\/wp\/v2\/product\/5466"}],"collection":[{"href":"https:\/\/btm.sk\/WP\/wp-json\/wp\/v2\/product"}],"about":[{"href":"https:\/\/btm.sk\/WP\/wp-json\/wp\/v2\/types\/product"}],"replies":[{"embeddable":true,"href":"https:\/\/btm.sk\/WP\/wp-json\/wp\/v2\/comments?post=5466"}],"wp:featuredmedia":[{"embeddable":true,"href":"https:\/\/btm.sk\/WP\/wp-json\/wp\/v2\/media\/5457"}],"wp:attachment":[{"href":"https:\/\/btm.sk\/WP\/wp-json\/wp\/v2\/media?parent=5466"}],"curies":[{"name":"wp","href":"https:\/\/api.w.org\/{rel}","templated":true}]}}

Ja, ja som vaším Tešiteľom!

<p>Minikartička s biblickým veršom a krátkou modlitbou.</p>
