{"id":5002,"date":"2022-09-05T15:13:37","date_gmt":"2022-09-05T13:13:37","guid":{"rendered":"https:\/\/btm.sk\/WP\/?post_type=product&#038;p=5002"},"modified":"2022-10-06T21:24:55","modified_gmt":"2022-10-06T19:24:55","slug":"rozvrh-hodin-slovenske-hrady-zamky-a-kastiele-ii","status":"publish","type":"product","link":"https:\/\/btm.sk\/WP\/produkt\/rozvrh-hodin-slovenske-hrady-zamky-a-kastiele-ii\/","title":{"rendered":"rozvrh hod\u00edn &#8211; slovensk\u00e9 hrady, z\u00e1mky a ka\u0161tiele II."},"content":{"rendered":"","protected":false},"excerpt":{"rendered":"<p>Aktu\u00e1lny, ale napriek tomu univerz\u00e1lny, rozvrh hod\u00edn na \u0161kolsk\u00fd rok 2022\/23 s biblick\u00fdm ver\u0161om z Pr\u00edslov\u00ed 22,17 a unik\u00e1tnymi historick\u00fdmi pamiatkami Slovenska.<\/p>\n","protected":false},"featured_media":4982,"comment_status":"closed","ping_status":"closed","template":"","meta":[],"_links":{"self":[{"href":"https:\/\/btm.sk\/WP\/wp-json\/wp\/v2\/product\/5002"}],"collection":[{"href":"https:\/\/btm.sk\/WP\/wp-json\/wp\/v2\/product"}],"about":[{"href":"https:\/\/btm.sk\/WP\/wp-json\/wp\/v2\/types\/product"}],"replies":[{"embeddable":true,"href":"https:\/\/btm.sk\/WP\/wp-json\/wp\/v2\/comments?post=5002"}],"wp:featuredmedia":[{"embeddable":true,"href":"https:\/\/btm.sk\/WP\/wp-json\/wp\/v2\/media\/4982"}],"wp:attachment":[{"href":"https:\/\/btm.sk\/WP\/wp-json\/wp\/v2\/media?parent=5002"}],"curies":[{"name":"wp","href":"https:\/\/api.w.org\/{rel}","templated":true}]}}

rozvrh hodín &#8211; slovenské hrady, zámky a kaštiele II.

<p>Aktuálny, ale napriek tomu univerzálny, rozvrh hodín na školský rok 2022/23 s biblickým veršom z Prísloví 22,17 a unikátnymi historickými pamiatkami Slovenska.</p>
