{"id":2913,"date":"2018-09-28T12:41:24","date_gmt":"2018-09-28T10:41:24","guid":{"rendered":"https:\/\/btm.sk\/WP\/?post_type=product&#038;p=2913"},"modified":"2025-02-10T16:42:20","modified_gmt":"2025-02-10T15:42:20","slug":"kto-veri-vo-mna-bude-zit","status":"publish","type":"product","link":"https:\/\/btm.sk\/WP\/produkt\/kto-veri-vo-mna-bude-zit\/","title":{"rendered":"Kto ver\u00ed vo m\u0148a, bude \u017ei\u0165!"},"content":{"rendered":"","protected":false},"excerpt":{"rendered":"<p>\u010eal\u0161ia kondolen\u010dn\u00e1 poh\u013eadnica s kr\u00e1snym textom a ver\u0161ami z evanjelia J\u00e1na 11,1 a 11,25-26.<\/p>\n","protected":false},"featured_media":2914,"comment_status":"closed","ping_status":"closed","template":"","meta":[],"_links":{"self":[{"href":"https:\/\/btm.sk\/WP\/wp-json\/wp\/v2\/product\/2913"}],"collection":[{"href":"https:\/\/btm.sk\/WP\/wp-json\/wp\/v2\/product"}],"about":[{"href":"https:\/\/btm.sk\/WP\/wp-json\/wp\/v2\/types\/product"}],"replies":[{"embeddable":true,"href":"https:\/\/btm.sk\/WP\/wp-json\/wp\/v2\/comments?post=2913"}],"wp:featuredmedia":[{"embeddable":true,"href":"https:\/\/btm.sk\/WP\/wp-json\/wp\/v2\/media\/2914"}],"wp:attachment":[{"href":"https:\/\/btm.sk\/WP\/wp-json\/wp\/v2\/media?parent=2913"}],"curies":[{"name":"wp","href":"https:\/\/api.w.org\/{rel}","templated":true}]}}

Kto verí vo mňa, bude žiť!

<p>Ďalšia kondolenčná pohľadnica s krásnym textom a veršami z evanjelia Jána 11,1 a 11,25-26.</p>
