{"id":1468,"date":"2017-12-13T16:56:50","date_gmt":"2017-12-13T15:56:50","guid":{"rendered":"http:\/\/btm.sk\/WP\/produkt\/co-sa-patri-a-co-nie\/"},"modified":"2026-03-02T10:07:47","modified_gmt":"2026-03-02T09:07:47","slug":"co-sa-patri-a-co-nie","status":"publish","type":"product","link":"https:\/\/btm.sk\/WP\/produkt\/co-sa-patri-a-co-nie\/","title":{"rendered":"\u010co sa patr\u00ed a \u010do nie"},"content":{"rendered":"","protected":false},"excerpt":{"rendered":"<p>Kr\u00e1sne ver\u0161ovan\u00e9 pou\u010denie od M\u00e1rie \u0160tefa\u0148\u00e1kovej prevedie deti, ktor\u00fdm je ur\u010den\u00e9, ka\u017edodenn\u00fdm spr\u00e1van\u00edm sa vo\u010di sebe, rodi\u010dom aj cudz\u00edm \u013eu\u010fom. Doplnen\u00e9 biblick\u00fdm ver\u0161om z Pr\u00edslov\u00ed 1,8.<\/p>\n","protected":false},"featured_media":2493,"comment_status":"closed","ping_status":"closed","template":"","meta":[],"_links":{"self":[{"href":"https:\/\/btm.sk\/WP\/wp-json\/wp\/v2\/product\/1468"}],"collection":[{"href":"https:\/\/btm.sk\/WP\/wp-json\/wp\/v2\/product"}],"about":[{"href":"https:\/\/btm.sk\/WP\/wp-json\/wp\/v2\/types\/product"}],"replies":[{"embeddable":true,"href":"https:\/\/btm.sk\/WP\/wp-json\/wp\/v2\/comments?post=1468"}],"wp:featuredmedia":[{"embeddable":true,"href":"https:\/\/btm.sk\/WP\/wp-json\/wp\/v2\/media\/2493"}],"wp:attachment":[{"href":"https:\/\/btm.sk\/WP\/wp-json\/wp\/v2\/media?parent=1468"}],"curies":[{"name":"wp","href":"https:\/\/api.w.org\/{rel}","templated":true}]}}

Čo sa patrí a čo nie

<p>Krásne veršované poučenie od Márie Štefaňákovej prevedie deti, ktorým je určené, každodenným správaním sa voči sebe, rodičom aj cudzím ľuďom. Doplnené biblickým veršom z Prísloví 1,8.</p>
